{"id":316,"date":"2019-05-16T16:18:02","date_gmt":"2019-05-16T14:18:02","guid":{"rendered":"http:\/\/www.elwoodrestaurant.fr\/?page_id=316"},"modified":"2020-11-28T16:02:22","modified_gmt":"2020-11-28T15:02:22","slug":"short-story","status":"publish","type":"page","link":"https:\/\/www.elwoodrestaurant.fr\/index.php\/short-story\/","title":{"rendered":"SHORT STORY"},"content":{"rendered":"\t\t<div data-elementor-type=\"wp-post\" data-elementor-id=\"316\" class=\"elementor elementor-316\" data-elementor-post-type=\"page\">\n\t\t\t\t\t\t<section class=\"elementor-section elementor-top-section elementor-element elementor-element-c5b4652 elementor-section-full_width elementor-section-height-min-height elementor-section-items-top elementor-section-content-top elementor-section-height-default\" data-id=\"c5b4652\" data-element_type=\"section\" data-settings=\"{&quot;background_background&quot;:&quot;classic&quot;}\">\n\t\t\t\t\t\t<div class=\"elementor-container elementor-column-gap-default\">\n\t\t\t\t\t<div class=\"elementor-column elementor-col-100 elementor-top-column elementor-element elementor-element-2dd8a4d\" data-id=\"2dd8a4d\" data-element_type=\"column\">\n\t\t\t<div class=\"elementor-widget-wrap elementor-element-populated\">\n\t\t\t\t\t\t<section class=\"elementor-section elementor-inner-section elementor-element elementor-element-476e2e2 elementor-section-height-min-height elementor-section-boxed elementor-section-height-default\" data-id=\"476e2e2\" data-element_type=\"section\">\n\t\t\t\t\t\t<div class=\"elementor-container elementor-column-gap-default\">\n\t\t\t\t\t<div class=\"elementor-column elementor-col-100 elementor-inner-column elementor-element elementor-element-4a28f00\" data-id=\"4a28f00\" data-element_type=\"column\">\n\t\t\t<div class=\"elementor-widget-wrap elementor-element-populated\">\n\t\t\t\t\t\t<div class=\"elementor-element elementor-element-f32f649 elementor-widget elementor-widget-heading\" data-id=\"f32f649\" data-element_type=\"widget\" data-widget_type=\"heading.default\">\n\t\t\t\t<div class=\"elementor-widget-container\">\n\t\t\t\t\t<h2 class=\"elementor-heading-title elementor-size-default\">ELWOOD'S <br>SHORT STORY<\/h2>\t\t\t\t<\/div>\n\t\t\t\t<\/div>\n\t\t\t\t\t<\/div>\n\t\t<\/div>\n\t\t\t\t\t<\/div>\n\t\t<\/section>\n\t\t\t\t<section class=\"elementor-section elementor-inner-section elementor-element elementor-element-8cb3b8c elementor-section-boxed elementor-section-height-default elementor-section-height-default\" data-id=\"8cb3b8c\" data-element_type=\"section\">\n\t\t\t\t\t\t<div class=\"elementor-container elementor-column-gap-default\">\n\t\t\t\t\t<div class=\"elementor-column elementor-col-50 elementor-inner-column elementor-element elementor-element-52c439a\" data-id=\"52c439a\" data-element_type=\"column\">\n\t\t\t<div class=\"elementor-widget-wrap elementor-element-populated\">\n\t\t\t\t\t\t<div class=\"elementor-element elementor-element-6c1b2dd elementor-widget elementor-widget-image\" data-id=\"6c1b2dd\" data-element_type=\"widget\" data-widget_type=\"image.default\">\n\t\t\t\t<div class=\"elementor-widget-container\">\n\t\t\t\t\t\t\t\t\t\t\t\t\t\t\t<img decoding=\"async\" src=\"https:\/\/www.elwoodrestaurant.fr\/wp-content\/uploads\/elementor\/thumbs\/070d917b-859c-4347-a8c7-e874d9e6b3a8-oz32v1oiqcha7qkc80b390vryek3c18sk7u4cd08gs.jpg\" title=\"070d917b-859c-4347-a8c7-e874d9e6b3a8\" alt=\"070d917b-859c-4347-a8c7-e874d9e6b3a8\" loading=\"lazy\" \/>\t\t\t\t\t\t\t\t\t\t\t\t\t\t\t<\/div>\n\t\t\t\t<\/div>\n\t\t\t\t<div class=\"elementor-element elementor-element-20a8fdf elementor-widget elementor-widget-text-editor\" data-id=\"20a8fdf\" data-element_type=\"widget\" data-widget_type=\"text-editor.default\">\n\t\t\t\t<div class=\"elementor-widget-container\">\n\t\t\t\t\t\t\t\t\t<p>Guillaume Elwood Menozzi &amp; Ma\u00eetre Dim&rsquo;s<\/p>\t\t\t\t\t\t\t\t<\/div>\n\t\t\t\t<\/div>\n\t\t\t\t<div class=\"elementor-element elementor-element-4844159 elementor-widget elementor-widget-image\" data-id=\"4844159\" data-element_type=\"widget\" data-widget_type=\"image.default\">\n\t\t\t\t<div class=\"elementor-widget-container\">\n\t\t\t\t\t\t\t\t\t\t\t\t\t\t\t<img decoding=\"async\" src=\"https:\/\/www.elwoodrestaurant.fr\/wp-content\/uploads\/elementor\/thumbs\/dailyFreshFood-o7wu7ekjcl4cn33jrh5z8tjjkjdtibs6wwnurc4kam.png\" title=\"dailyFreshFood\" alt=\"dailyFreshFood\" loading=\"lazy\" \/>\t\t\t\t\t\t\t\t\t\t\t\t\t\t\t<\/div>\n\t\t\t\t<\/div>\n\t\t\t\t\t<\/div>\n\t\t<\/div>\n\t\t\t\t<div class=\"elementor-column elementor-col-50 elementor-inner-column elementor-element elementor-element-215dd04\" data-id=\"215dd04\" data-element_type=\"column\">\n\t\t\t<div class=\"elementor-widget-wrap elementor-element-populated\">\n\t\t\t\t\t\t<div class=\"elementor-element elementor-element-3c8f143 elementor-widget elementor-widget-text-editor\" data-id=\"3c8f143\" data-element_type=\"widget\" data-widget_type=\"text-editor.default\">\n\t\t\t\t<div class=\"elementor-widget-container\">\n\t\t\t\t\t\t\t\t\t<p>Bienvenue chez Elwood.<\/p><p>Pourquoi Elwood\u00a0? Quelle id\u00e9e d\u2019avoir appel\u00e9 un restaurant Elwood et qui plus est Elwood \/ Restaurant Moderne\u00a0?<\/p><p>Tout d\u2019abord, Elwood, c\u2019est un pr\u00e9nom, celui d\u2019un des deux fr\u00e8res des Blues Brothers Jack et Elwood Blues, un film et une BO cultes de 1980. Mais cela peut \u00eatre aussi la construction h\u00e9t\u00e9rodoxe et multiculturelle de 2 mots : El (ES) et Wood (UK) Le Bois. Et vu la dose de bois qu\u2019il y a dans le restaurant, \u00e7a se d\u00e9fend ! Donc c\u2019est selon !<\/p><p>Elwood, c\u2019est \u00e0 la fois un bistrot, un bar-restaurant ouvert tous les jeudis soirs, une pizzeria, une \u00e9picerie mais pas que\u2026<\/p><p>Alors nous avons appel\u00e9 \u00e7a un restaurant moderne !<\/p>\t\t\t\t\t\t\t\t<\/div>\n\t\t\t\t<\/div>\n\t\t\t\t<div class=\"elementor-element elementor-element-4223943 elementor-widget-divider--view-line elementor-widget elementor-widget-divider\" data-id=\"4223943\" data-element_type=\"widget\" data-widget_type=\"divider.default\">\n\t\t\t\t<div class=\"elementor-widget-container\">\n\t\t\t\t\t\t\t<div class=\"elementor-divider\">\n\t\t\t<span class=\"elementor-divider-separator\">\n\t\t\t\t\t\t<\/span>\n\t\t<\/div>\n\t\t\t\t\t\t<\/div>\n\t\t\t\t<\/div>\n\t\t\t\t<div class=\"elementor-element elementor-element-0b2ca40 elementor-widget elementor-widget-text-editor\" data-id=\"0b2ca40\" data-element_type=\"widget\" data-widget_type=\"text-editor.default\">\n\t\t\t\t<div class=\"elementor-widget-container\">\n\t\t\t\t\t\t\t\t\t<p class=\"MsoNormal\">Chez Elwood on ne se prive de rien. Notre id\u00e9e de la restauration repose sur un ADN simple, clair et pourtant tellement \u00e9vident&nbsp;: proposer des plats g\u00e9n\u00e9reux d\u2019ici ou d\u2019ailleurs en utilisant au maximum des produits locaux et de saison. C\u2019est pourquoi nous souhaitons travailler avec des producteurs locaux comme par exemple, la pisciculture locale de Thorens Gli\u00e8res.<\/p>\n<p class=\"MsoNormal\">Nous souhaitons proposer une cuisine g\u00e9n\u00e9reuse et une carte<span style=\"mso-spacerun: yes;\">&nbsp; <\/span>courte avec des recettes qui nous viennent \u00e0 la fois de nos a\u00efeuls, des montagnes, des pays que nous aimons et des chefs qui nous inspirent. Revisiter un bourguignon, faire nos propres foies gras, lever nos filets de truite et les fumer, faire&nbsp; un burger avec une viande hach\u00e9e pr\u00e9par\u00e9e par nos soins, faire nos desserts et nos p\u00e2tisseries\u2026 C\u2019est comme \u00e7a que nous concevons la cuisine.<\/p>\n<p class=\"MsoNormal\">Un max de frais, tr\u00e8s peu de surgel\u00e9&nbsp;!<\/p>\n<p class=\"MsoNormal\">Une autre facette d\u2019Elwood est sa carte de pizzas et son \u00e9picerie parmesane. Le pizza\u00efolo et cr\u00e9ateur d\u2019Elwood a une partie de ses origines familiales en Italie \u00e0 Scandiano dans la r\u00e9gion de Parme en Emilie Romagne&nbsp;: le berceau du Parmesan et du Jambon de Parme.<\/p>\n<p class=\"MsoNormal\">Dans la famille on aime s\u2019asseoir autour d\u2019une bonne table, avec de bons plats et de bons vins. Nous souhaitons vous faire profiter de ce magnifique terroir de la R\u00e9gion d\u2019Emilie&nbsp;!<\/p>\n<p class=\"MsoNormal\">C\u2019est pourquoi vous pourrez d\u00e9couvrir et d\u00e9guster certains jeudis soirs, lors de nos soir\u00e9es ap\u00e9ros, les fameux Gnocco Fritto de Scandiano&nbsp;! Des beignets sal\u00e9s accompagn\u00e9s de fines tranches de belle charcuterie Parme.<\/p>\n<p class=\"MsoNormal\">Vous pourrez \u00e9galement d\u00e9guster et d\u00e9couvrir le vinaigre Balsamique artisanal du cousin Giovanni ou boire un verre de Lambrusco de Nico Bertolani avec un bout de Parmesan des montagnes de 30 mois d\u2019affinage.<\/p>\n<p class=\"MsoNormal\">Un vrai bout d\u2019Emilie Romagne aux portes d\u2019Annecy \u00e0 d\u00e9guster chez Elwood ou \u00e0 la maison gr\u00e2ce \u00e0 notre \u00e9picerie coup de c\u0153ur.<\/p>\n<p class=\"MsoNormal\">Dans la m\u00eame logique du local et des saisons, notre carte de pizzas est relativement courte. C\u2019est un choix. Nous proposons en effet une dizaine de pizzas incontournables \u00e0 l\u2019ann\u00e9e et travaill\u00e9es avec des produits frais, pr\u00e9par\u00e9s et cuisin\u00e9s dans notre laboratoire. <\/p>\n<p class=\"MsoNormal\">Nous esp\u00e9rons vous avoir mis l\u2019eau \u00e0 la bouche, que vous passerez un bon moment en notre compagnie et que vous vous r\u00e9galerez chez Elwood&nbsp;!<\/p>\n<p class=\"MsoNormal\">Au plaisir de vous accueillir bient\u00f4t.<\/p>\n<p><\/p>\n<p class=\"MsoNormal\"><strong>Guillaume &amp; Dimitri<\/strong><\/p>\t\t\t\t\t\t\t\t<\/div>\n\t\t\t\t<\/div>\n\t\t\t\t<div class=\"elementor-element elementor-element-22c7d65 elementor-widget-divider--view-line elementor-widget elementor-widget-divider\" data-id=\"22c7d65\" data-element_type=\"widget\" data-widget_type=\"divider.default\">\n\t\t\t\t<div class=\"elementor-widget-container\">\n\t\t\t\t\t\t\t<div class=\"elementor-divider\">\n\t\t\t<span class=\"elementor-divider-separator\">\n\t\t\t\t\t\t<\/span>\n\t\t<\/div>\n\t\t\t\t\t\t<\/div>\n\t\t\t\t<\/div>\n\t\t\t\t<div class=\"elementor-element elementor-element-57f5fc9 elementor-hidden-desktop elementor-hidden-tablet elementor-hidden-phone elementor--h-position-center elementor--v-position-middle elementor-arrows-position-inside elementor-pagination-position-inside elementor-widget elementor-widget-slides\" data-id=\"57f5fc9\" data-element_type=\"widget\" data-settings=\"{&quot;autoplay_speed&quot;:0,&quot;transition&quot;:&quot;fade&quot;,&quot;transition_speed&quot;:9000,&quot;navigation&quot;:&quot;both&quot;,&quot;autoplay&quot;:&quot;yes&quot;,&quot;pause_on_hover&quot;:&quot;yes&quot;,&quot;pause_on_interaction&quot;:&quot;yes&quot;,&quot;infinite&quot;:&quot;yes&quot;}\" data-widget_type=\"slides.default\">\n\t\t\t\t<div class=\"elementor-widget-container\">\n\t\t\t\t\t\t\t\t\t<div class=\"elementor-swiper\">\n\t\t\t\t\t<div class=\"elementor-slides-wrapper elementor-main-swiper swiper\" role=\"region\" aria-roledescription=\"carousel\" aria-label=\"Diapositives\" dir=\"ltr\" data-animation=\"\">\n\t\t\t\t<div class=\"swiper-wrapper elementor-slides\">\n\t\t\t\t\t\t\t\t\t\t<div class=\"elementor-repeater-item-044960d swiper-slide\" role=\"group\" aria-roledescription=\"slide\"><div class=\"swiper-slide-bg\" role=\"img\"><\/div><div class=\"swiper-slide-inner\" ><div class=\"swiper-slide-contents\"><\/div><\/div><\/div><div class=\"elementor-repeater-item-c025107 swiper-slide\" role=\"group\" aria-roledescription=\"slide\"><div class=\"swiper-slide-bg\" role=\"img\"><\/div><div class=\"swiper-slide-inner\" ><div class=\"swiper-slide-contents\"><\/div><\/div><\/div><div class=\"elementor-repeater-item-4ad24f1 swiper-slide\" role=\"group\" aria-roledescription=\"slide\"><div class=\"swiper-slide-bg\" role=\"img\"><\/div><div class=\"swiper-slide-inner\" ><div class=\"swiper-slide-contents\"><\/div><\/div><\/div>\t\t\t\t<\/div>\n\t\t\t\t\t\t\t\t\t\t\t\t\t\t\t<div class=\"elementor-swiper-button elementor-swiper-button-prev\" role=\"button\" tabindex=\"0\" aria-label=\"Diapositive pr\u00e9c\u00e9dente\">\n\t\t\t\t\t\t\t<i aria-hidden=\"true\" class=\"eicon-chevron-left\"><\/i>\t\t\t\t\t\t<\/div>\n\t\t\t\t\t\t<div class=\"elementor-swiper-button elementor-swiper-button-next\" role=\"button\" tabindex=\"0\" aria-label=\"Diapositive suivante\">\n\t\t\t\t\t\t\t<i aria-hidden=\"true\" class=\"eicon-chevron-right\"><\/i>\t\t\t\t\t\t<\/div>\n\t\t\t\t\t\t\t\t\t\t\t\t\t\t\t\t<div class=\"swiper-pagination\"><\/div>\n\t\t\t\t\t\t\t\t\t\t\t\t<\/div>\n\t\t\t\t<\/div>\n\t\t\t\t\t\t\t\t<\/div>\n\t\t\t\t<\/div>\n\t\t\t\t\t<\/div>\n\t\t<\/div>\n\t\t\t\t\t<\/div>\n\t\t<\/section>\n\t\t\t\t\t<\/div>\n\t\t<\/div>\n\t\t\t\t\t<\/div>\n\t\t<\/section>\n\t\t\t\t<\/div>\n\t\t","protected":false},"excerpt":{"rendered":"<p>ELWOOD&rsquo;S SHORT STORY Guillaume Elwood Menozzi &amp; Ma\u00eetre Dim&rsquo;s Bienvenue chez Elwood. Pourquoi Elwood\u00a0? Quelle id\u00e9e d\u2019avoir appel\u00e9 un restaurant Elwood et qui plus est Elwood \/ Restaurant Moderne\u00a0? Tout d\u2019abord, Elwood, c\u2019est un pr\u00e9nom, celui d\u2019un des deux fr\u00e8res des Blues Brothers Jack et Elwood Blues, un film et une BO cultes de 1980. [&hellip;]<\/p>\n","protected":false},"author":1,"featured_media":0,"parent":0,"menu_order":0,"comment_status":"closed","ping_status":"closed","template":"template-blank.php","meta":{"_et_pb_use_builder":"","_et_pb_old_content":"","_et_gb_content_width":"","footnotes":""},"class_list":["post-316","page","type-page","status-publish","hentry"],"_links":{"self":[{"href":"https:\/\/www.elwoodrestaurant.fr\/index.php\/wp-json\/wp\/v2\/pages\/316","targetHints":{"allow":["GET"]}}],"collection":[{"href":"https:\/\/www.elwoodrestaurant.fr\/index.php\/wp-json\/wp\/v2\/pages"}],"about":[{"href":"https:\/\/www.elwoodrestaurant.fr\/index.php\/wp-json\/wp\/v2\/types\/page"}],"author":[{"embeddable":true,"href":"https:\/\/www.elwoodrestaurant.fr\/index.php\/wp-json\/wp\/v2\/users\/1"}],"replies":[{"embeddable":true,"href":"https:\/\/www.elwoodrestaurant.fr\/index.php\/wp-json\/wp\/v2\/comments?post=316"}],"version-history":[{"count":28,"href":"https:\/\/www.elwoodrestaurant.fr\/index.php\/wp-json\/wp\/v2\/pages\/316\/revisions"}],"predecessor-version":[{"id":573,"href":"https:\/\/www.elwoodrestaurant.fr\/index.php\/wp-json\/wp\/v2\/pages\/316\/revisions\/573"}],"wp:attachment":[{"href":"https:\/\/www.elwoodrestaurant.fr\/index.php\/wp-json\/wp\/v2\/media?parent=316"}],"curies":[{"name":"wp","href":"https:\/\/api.w.org\/{rel}","templated":true}]}}